{"id":8112,"date":"2018-02-08T01:25:32","date_gmt":"2018-02-08T00:25:32","guid":{"rendered":"http:\/\/www.wordpress.boutiquechouette.fr\/?page_id=8112"},"modified":"2023-09-11T15:33:08","modified_gmt":"2023-09-11T13:33:08","slug":"les-questions","status":"publish","type":"page","link":"https:\/\/www.boutiquechouette.fr\/?page_id=8112","title":{"rendered":"Les questions fr\u00e9quentes"},"content":{"rendered":"<p>[vc_row full_width=&#8221;stretch_row&#8221; css=&#8221;.vc_custom_1518439115441{padding-bottom: 25px !important;background-color: #ffffff !important;}&#8221;][vc_column css=&#8221;.vc_custom_1518439097167{background-color: #ffffff !important;}&#8221;]<div class=\" size-sm alignCenter clearfix\"><h1 class=\"main-title title uppercase normal-title size-sm alignCenter line-style5 \"   style=\"font-size: 60px; letter-spacing: 8px; color: #f1c531; \">LES QUESTIONS FR\u00e9QUENTES<div class=\"line round-sep clearfix\">\r\n\t\t\t \t\t<span class=\"round\"style=\"background:#f1c531;\"><\/span>\r\n\t\t\t \t\t<span class=\"round\"style=\"background:#f1c531;\"><\/span>\r\n\t\t\t \t\t<span class=\"round\"style=\"background:#f1c531;\"><\/span>\r\n\t\t\t \t\t<span class=\"round\"style=\"background:#f1c531;\"><\/span>\r\n\t\t\t \t<\/div> <\/h1><\/div>[vc_column_text]<span style=\"font-size: 16px;\">Voici un petit r\u00e9sum\u00e9 des questions les plus fr\u00e9quemment pos\u00e9es. Cependant, n&#8217;h\u00e9site pas \u00e0 nous contacter ou \u00e0 venir \u00e0 la boutique de cr\u00e9ateurs 4 Rue du Chapitre \u00e0 Rennes pour avoir la r\u00e9ponse que tu recherches.<\/span><\/p>\n<p><span style=\"font-size: 16px;\">Pour les professionnels, vous trouverez plus d&#8217;informations sur la page <a href=\"https:\/\/www.boutiquechouette.fr\/les-createurs\/\">Cr\u00e9ateurs<\/a>.<\/span>[\/vc_column_text][vc_row_inner equal_height=&#8221;yes&#8221;][vc_column_inner width=&#8221;1\/2&#8243; css=&#8221;.vc_custom_1466902991085{padding-top: 40px !important;padding-right: 40px !important;padding-bottom: 40px !important;padding-left: 40px !important;}&#8221;][vc_toggle title=&#8221;Comment fonctionnent les cartes cadeaux ?&#8221; style=&#8221;round&#8221; color=&#8221;violet&#8221; open=&#8221;true&#8221; custom_font_container=&#8221;tag:h2|font_size:20px|text_align:left|color:%232e7d91&#8243; custom_google_fonts=&#8221;font_family:Lato%3A100%2C100italic%2C300%2C300italic%2Cregular%2Citalic%2C700%2C700italic%2C900%2C900italic|font_style:700%20bold%20regular%3A700%3Anormal&#8221; use_custom_heading=&#8221;true&#8221;]<span style=\"font-size: 16px;\">Chouette ! propose des cartes cadeaux qui sont valables pendant 1 an \u00e0 la boutique de cr\u00e9ateurs 4 Rue du Chapitre \u00e0 Rennes. Le montant est d\u00e9termin\u00e9 par votre budget (\u00e0 partir de 30\u20ac). Amandine r\u00e9dige ensuite une jolie carte avec un petit mot personnalis\u00e9 pour l&#8217;heureuse b\u00e9n\u00e9ficiaire.<\/span><\/p>\n<p><span style=\"font-size: 16px;\">Les cartes cadeaux Chouette ! peuvent \u00eatre achet\u00e9es directement en boutique ou <a href=\"https:\/\/www.boutiquechouette.com\/carte-cadeau\">en ligne<\/a>.<\/span><\/p>\n<p><span style=\"font-size: 16px;\">Nous proposons \u00e9galement les cartes cadeaux responsables <a href=\"https:\/\/www.boutiquechouette.fr\/nos-partenaires\/\">Ethi&#8217;Kdo<\/a>. Nous restons \u00e0 disposition pour toutes questions compl\u00e9mentaires \u00e0 ce sujet.<\/span>[\/vc_toggle][vc_toggle title=&#8221;Est-il possible d&#8217;\u00e9changer un cadeau de la boutique ?&#8221; style=&#8221;round&#8221; color=&#8221;violet&#8221; custom_font_container=&#8221;tag:h3|font_size:20px|text_align:left|color:%232e7d91&#8243; custom_google_fonts=&#8221;font_family:Lato%3A100%2C100italic%2C300%2C300italic%2Cregular%2Citalic%2C700%2C700italic%2C900%2C900italic|font_style:700%20bold%20regular%3A700%3Anormal&#8221; use_custom_heading=&#8221;true&#8221;]<span style=\"font-family: lato, sans-serif; font-size: 16px;\">Vous avez re\u00e7u un beau cadeau de chez Chouette ! mais malheureusement ce n&#8217;est pas la bonne taille, la bonne couleur ? Nous sommes \u00e0 votre disposition pour \u00e9changer le produit \u00e0 la boutique (sous un mois apr\u00e8s l&#8217;achat) et trouver votre bonheur.<\/span>[\/vc_toggle][vc_toggle title=&#8221;J&#8217;ai cass\u00e9 mon bijou fantaisie pr\u00e9f\u00e9r\u00e9, pouvez-vous m&#8217;aider ?&#8221; style=&#8221;round&#8221; color=&#8221;violet&#8221; custom_font_container=&#8221;tag:h3|font_size:20px|text_align:left|color:%232e7d91&#8243; custom_google_fonts=&#8221;font_family:Lato%3A100%2C100italic%2C300%2C300italic%2Cregular%2Citalic%2C700%2C700italic%2C900%2C900italic|font_style:700%20bold%20regular%3A700%3Anormal&#8221; use_custom_heading=&#8221;true&#8221;]<span style=\"font-family: lato, sans-serif; font-size: 16px;\">Avec plaisir ! Amandine r\u00e9pare tes bijoux fantaisies pr\u00e9f\u00e9r\u00e9s, m\u00eame d&#8217;autres marques. Il suffit de passer \u00e0 la boutique avec l&#8217;objet du d\u00e9lit et la magicienne fera le n\u00e9cessaire pour r\u00e9soudre le probl\u00e8me \ud83d\ude09\u00a0<\/span>[\/vc_toggle][vc_toggle title=&#8221;Je ne trouve pas mon bonheur \u00e0 la boutique, que faire ?&#8221; style=&#8221;round&#8221; color=&#8221;violet&#8221; custom_font_container=&#8221;tag:h3|font_size:20px|text_align:left|color:%232e7d91&#8243; custom_google_fonts=&#8221;font_family:Lato%3A100%2C100italic%2C300%2C300italic%2Cregular%2Citalic%2C700%2C700italic%2C900%2C900italic|font_style:700%20bold%20regular%3A700%3Anormal&#8221; use_custom_heading=&#8221;true&#8221;]<span style=\"font-family: lato, sans-serif; font-size: 16px;\">Chouette ! offre un large choix de bagues, bracelets, colliers&#8230; mais parfois la tenue parfaite exige des couleurs et\/ou des formes pr\u00e9cises pour trouver la parure assortie id\u00e9ale. Que cela ne tienne, Amandine peut fabriquer les bijoux dont tu r\u00eaves ! Passe en boutique pour \u00e9changer avec elle sur tes go\u00fbts, tes couleurs, la longueur des boucles&#8230; Et elle te conseillera sur la forme qui convient le mieux \u00e0 ta morphologie par exemple.<\/span>[\/vc_toggle][\/vc_column_inner][vc_column_inner width=&#8221;1\/2&#8243; css=&#8221;.vc_custom_1466900932009{padding-top: 40px !important;padding-right: 40px !important;padding-bottom: 40px !important;padding-left: 40px !important;}&#8221;][vc_toggle title=&#8221;Recevez-vous souvent des nouveaut\u00e9s ?&#8221; style=&#8221;round&#8221; color=&#8221;violet&#8221; open=&#8221;true&#8221; custom_font_container=&#8221;tag:h2|font_size:20px|text_align:left|color:%232e7d91&#8243; custom_google_fonts=&#8221;font_family:Lato%3A100%2C100italic%2C300%2C300italic%2Cregular%2Citalic%2C700%2C700italic%2C900%2C900italic|font_style:700%20bold%20regular%3A700%3Anormal&#8221; use_custom_heading=&#8221;true&#8221;]<span style=\"font-family: lato, sans-serif; font-size: 16px;\">Gr\u00e2ce \u00e0 l&#8217;inspiration sans cesse renouvel\u00e9e de nos nombreux artisans, nous avons la chance de pouvoir pr\u00e9senter tr\u00e8s r\u00e9guli\u00e8rement des nouveaut\u00e9s.<\/span><\/p>\n<p><span style=\"font-family: lato, sans-serif; font-size: 16px;\">Nous essayons de les pr\u00e9senter au maximum sur les r\u00e9seaux sociaux et sur le site. Cependant, comme nous pr\u00e9f\u00e9rons prendre le temps de bien t&#8217;accueillir en boutique, la liste de cr\u00e9ations artisanales sur internet ne sera jamais aussi exhaustive que ce que tu peux d\u00e9couvrir chez Chouette !<\/span><\/p>\n<p><span style=\"font-family: lato, sans-serif; font-size: 16px;\">Donc n\u2019h\u00e9site pas \u00e0 passer nous voir r\u00e9guli\u00e8rement&#8230;<\/span>[\/vc_toggle][vc_toggle title=&#8221;C&#8217;est quoi la monnaie le Gall\u00e9co ?&#8221; style=&#8221;round&#8221; color=&#8221;violet&#8221; custom_font_container=&#8221;tag:h3|font_size:20px|text_align:left|color:%232e7d91&#8243; custom_google_fonts=&#8221;font_family:Lato%3A100%2C100italic%2C300%2C300italic%2Cregular%2Citalic%2C700%2C700italic%2C900%2C900italic|font_style:700%20bold%20regular%3A700%3Anormal&#8221; use_custom_heading=&#8221;true&#8221;]<span style=\"font-size: 16px; font-family: 'lato', sans-serif;\">Le Gall\u00e9co est une monnaie locale circulant \u00e0 Rennes, Redon, Foug\u00e8res et leurs alentours. Une monnaie qui restitue au citoyen le pouvoir d\u2019agir par ses choix de consommation. Chaque \u00e9change en Gall\u00e9co renforce une \u00e9conomie locale car les entreprises du r\u00e9seau Gall\u00e9co privil\u00e9gient des fournisseurs en proximit\u00e9 (en circuits courts), soutiennent le d\u00e9veloppement \u00e9conomique ainsi que l\u2019emploi sur le territoire.<\/span><\/p>\n<p><span style=\"font-size: 16px; font-family: 'lato', sans-serif;\">Cette monnaie citoyenne cr\u00e9\u00e9 du lien entre les producteurs, les artisans et les consommateurs autour d\u2019un ensemble de valeurs : respect de l\u2019homme et de la Nature, mieux vivre ensemble et transparence. Le Gall\u00e9co prend la forme de coupons billets de 1,2,5,10,20 ou 50 Gall\u00e9cos. Ils sont s\u00e9curis\u00e9s afin d\u2019\u00eatre infalsifiables. Tr\u00e8s simple \u00e0 utiliser, 1 Gall\u00e9co = 1\u20ac<\/span>[\/vc_toggle][vc_toggle title=&#8221;Quels sont les prochains \u00e9v\u00e8nements ?&#8221; style=&#8221;round&#8221; color=&#8221;violet&#8221; custom_font_container=&#8221;tag:h3|font_size:20px|text_align:left|color:%232e7d91&#8243; custom_google_fonts=&#8221;font_family:Lato%3A100%2C100italic%2C300%2C300italic%2Cregular%2Citalic%2C700%2C700italic%2C900%2C900italic|font_style:700%20bold%20regular%3A700%3Anormal&#8221; use_custom_heading=&#8221;true&#8221;]Chouette ! participe r\u00e9guli\u00e8rement aux \u00e9v\u00e8nements du centre-ville comme les Rues vivantes, Exporama ou la Grande Braderie. Nous organisons aussi ponctuellement des ateliers cr\u00e9atifs en partenariat avec des artisans cr\u00e9ateurs de la r\u00e9gion.<\/p>\n<p>Pour conna\u00eetre les prochaines dates, il suffit de s&#8217;inscrire \u00e0 la Chouett&#8217;Letter et tu recevras les informations en avant-premi\u00e8re.[\/vc_toggle][\/vc_column_inner][\/vc_row_inner][\/vc_column][\/vc_row][vc_row][vc_column][vc_column_text]<span style=\"font-size: 16px;\">Nous restons \u00e0 disposition pour r\u00e9pondre \u00e0 toutes les questions.<\/span><\/p>\n<p><span style=\"font-size: 16px;\">La boutique de cr\u00e9ateurs Chouette ! est ouverte du Mardi au Vendredi de 10h \u00e0 13h et de 15h \u00e0 19h et le Samedi de 11h \u00e0 18h.<\/span>[\/vc_column_text][\/vc_column][\/vc_row]<\/p>\n","protected":false},"excerpt":{"rendered":"<p>[vc_row full_width=&#8221;stretch_row&#8221; css=&#8221;.vc_custom_1518439115441{padding-bottom: 25px !important;background-color: #ffffff !important;}&#8221;][vc_column css=&#8221;.vc_custom_1518439097167{background-color: #ffffff !important;}&#8221;][vc_column_text]Voici un petit r\u00e9sum\u00e9 des questions les plus fr\u00e9quemment pos\u00e9es. Cependant, n&#8217;h\u00e9site pas \u00e0 nous contacter ou \u00e0 venir \u00e0 la boutique de cr\u00e9ateurs 4 Rue du Chapitre \u00e0 Rennes pour&#8230;<\/p>\n","protected":false},"author":1,"featured_media":0,"parent":0,"menu_order":0,"comment_status":"closed","ping_status":"closed","template":"","meta":{"footnotes":""},"yoast_head":"<!-- This site is optimized with the Yoast SEO plugin v15.9 - https:\/\/yoast.com\/wordpress\/plugins\/seo\/ -->\n<title>Les questions fr\u00e9quentes | Chouette !<\/title>\n<meta name=\"description\" content=\"Questions fr\u00e9quentes pos\u00e9es \u00e0 la boutique de cr\u00e9ateurs Chouette ! \u00e0 Rennes et les r\u00e9ponses. Pour plus d&#039;informations, contactez-nous\" \/>\n<meta name=\"robots\" content=\"index, follow, max-snippet:-1, max-image-preview:large, max-video-preview:-1\" \/>\n<link rel=\"canonical\" href=\"https:\/\/www.boutiquechouette.fr\/?page_id=8112\" \/>\n<meta property=\"og:locale\" content=\"fr_FR\" \/>\n<meta property=\"og:type\" content=\"article\" \/>\n<meta property=\"og:title\" content=\"Les questions fr\u00e9quentes | Chouette !\" \/>\n<meta property=\"og:description\" content=\"Questions fr\u00e9quentes pos\u00e9es \u00e0 la boutique de cr\u00e9ateurs Chouette ! \u00e0 Rennes et les r\u00e9ponses. Pour plus d&#039;informations, contactez-nous\" \/>\n<meta property=\"og:url\" content=\"https:\/\/www.boutiquechouette.fr\/?page_id=8112\" \/>\n<meta property=\"og:site_name\" content=\"Chouette !\" \/>\n<meta property=\"article:publisher\" content=\"http:\/\/www.facebook.com\/boutiquechouette\" \/>\n<meta property=\"article:modified_time\" content=\"2023-09-11T13:33:08+00:00\" \/>\n<meta name=\"twitter:card\" content=\"summary_large_image\" \/>\n<meta name=\"twitter:label1\" content=\"Dur\u00e9e de lecture est.\">\n\t<meta name=\"twitter:data1\" content=\"4 minutes\">\n<script type=\"application\/ld+json\" class=\"yoast-schema-graph\">{\"@context\":\"https:\/\/schema.org\",\"@graph\":[{\"@type\":\"Organization\",\"@id\":\"https:\/\/www.boutiquechouette.fr\/#organization\",\"name\":\"Chouette !\",\"url\":\"https:\/\/www.boutiquechouette.fr\/\",\"sameAs\":[\"http:\/\/www.facebook.com\/boutiquechouette\",\"https:\/\/www.instagram.com\/boutiquechouette\/\",\"https:\/\/www.pinterest.fr\/boutiquechouette\"],\"logo\":{\"@type\":\"ImageObject\",\"@id\":\"https:\/\/www.boutiquechouette.fr\/#logo\",\"inLanguage\":\"fr-FR\",\"url\":\"https:\/\/www.boutiquechouette.fr\/wp-content\/uploads\/2023\/07\/cropped-Logo_Titre_PNG.png\",\"width\":512,\"height\":512,\"caption\":\"Chouette !\"},\"image\":{\"@id\":\"https:\/\/www.boutiquechouette.fr\/#logo\"}},{\"@type\":\"WebSite\",\"@id\":\"https:\/\/www.boutiquechouette.fr\/#website\",\"url\":\"https:\/\/www.boutiquechouette.fr\/\",\"name\":\"Chouette !\",\"description\":\"Boutique de cr\\u00e9ateurs \\u00e0 Rennes\",\"publisher\":{\"@id\":\"https:\/\/www.boutiquechouette.fr\/#organization\"},\"potentialAction\":[{\"@type\":\"SearchAction\",\"target\":\"https:\/\/www.boutiquechouette.fr\/?s={search_term_string}\",\"query-input\":\"required name=search_term_string\"}],\"inLanguage\":\"fr-FR\"},{\"@type\":[\"WebPage\",\"FAQPage\"],\"@id\":\"https:\/\/www.boutiquechouette.fr\/?page_id=8112#webpage\",\"url\":\"https:\/\/www.boutiquechouette.fr\/?page_id=8112\",\"name\":\"Les questions fr\\u00e9quentes | Chouette !\",\"isPartOf\":{\"@id\":\"https:\/\/www.boutiquechouette.fr\/#website\"},\"datePublished\":\"2018-02-08T00:25:32+00:00\",\"dateModified\":\"2023-09-11T13:33:08+00:00\",\"description\":\"Questions fr\\u00e9quentes pos\\u00e9es \\u00e0 la boutique de cr\\u00e9ateurs Chouette ! \\u00e0 Rennes et les r\\u00e9ponses. Pour plus d'informations, contactez-nous\",\"breadcrumb\":{\"@id\":\"https:\/\/www.boutiquechouette.fr\/?page_id=8112#breadcrumb\"},\"inLanguage\":\"fr-FR\",\"potentialAction\":[{\"@type\":\"ReadAction\",\"target\":[\"https:\/\/www.boutiquechouette.fr\/?page_id=8112\"]}]},{\"@type\":\"BreadcrumbList\",\"@id\":\"https:\/\/www.boutiquechouette.fr\/?page_id=8112#breadcrumb\",\"itemListElement\":[{\"@type\":\"ListItem\",\"position\":1,\"item\":{\"@type\":\"WebPage\",\"@id\":\"https:\/\/www.boutiquechouette.fr\/\",\"url\":\"https:\/\/www.boutiquechouette.fr\/\",\"name\":\"Accueil\"}},{\"@type\":\"ListItem\",\"position\":2,\"item\":{\"@type\":\"WebPage\",\"@id\":\"https:\/\/www.boutiquechouette.fr\/?page_id=8112\",\"url\":\"https:\/\/www.boutiquechouette.fr\/?page_id=8112\",\"name\":\"Les questions fr\\u00e9quentes\"}}]}]}<\/script>\n<!-- \/ Yoast SEO plugin. -->","_links":{"self":[{"href":"https:\/\/www.boutiquechouette.fr\/index.php?rest_route=\/wp\/v2\/pages\/8112"}],"collection":[{"href":"https:\/\/www.boutiquechouette.fr\/index.php?rest_route=\/wp\/v2\/pages"}],"about":[{"href":"https:\/\/www.boutiquechouette.fr\/index.php?rest_route=\/wp\/v2\/types\/page"}],"author":[{"embeddable":true,"href":"https:\/\/www.boutiquechouette.fr\/index.php?rest_route=\/wp\/v2\/users\/1"}],"replies":[{"embeddable":true,"href":"https:\/\/www.boutiquechouette.fr\/index.php?rest_route=%2Fwp%2Fv2%2Fcomments&post=8112"}],"version-history":[{"count":7,"href":"https:\/\/www.boutiquechouette.fr\/index.php?rest_route=\/wp\/v2\/pages\/8112\/revisions"}],"predecessor-version":[{"id":13718,"href":"https:\/\/www.boutiquechouette.fr\/index.php?rest_route=\/wp\/v2\/pages\/8112\/revisions\/13718"}],"wp:attachment":[{"href":"https:\/\/www.boutiquechouette.fr\/index.php?rest_route=%2Fwp%2Fv2%2Fmedia&parent=8112"}],"curies":[{"name":"wp","href":"https:\/\/api.w.org\/{rel}","templated":true}]}}