{"id":36,"date":"2018-02-03T11:58:14","date_gmt":"2018-02-03T10:58:14","guid":{"rendered":"http:\/\/www.wordpress.boutiquechouette.fr\/?page_id=36"},"modified":"2023-09-11T15:50:09","modified_gmt":"2023-09-11T13:50:09","slug":"plus-dinfos","status":"publish","type":"page","link":"https:\/\/www.boutiquechouette.fr\/?page_id=36","title":{"rendered":"Qui est Chouette ?"},"content":{"rendered":"<p>[vc_row equal_height=&#8221;yes&#8221;][vc_column width=&#8221;4\/5&#8243;]<div class=\" size-sm alignCenter clearfix\"><h1 class=\"main-title title uppercase normal-title size-sm alignCenter line-style5 \"   style=\"font-size: 60px; letter-spacing: 8px; color: #f1c531; display: inline-block; \">Qui est Chouette ?<div class=\"line round-sep clearfix\">\r\n\t\t\t \t\t<span class=\"round\"style=\"background:#f1c531;\"><\/span>\r\n\t\t\t \t\t<span class=\"round\"style=\"background:#f1c531;\"><\/span>\r\n\t\t\t \t\t<span class=\"round\"style=\"background:#f1c531;\"><\/span>\r\n\t\t\t \t\t<span class=\"round\"style=\"background:#f1c531;\"><\/span>\r\n\t\t\t \t<\/div> <\/h1><\/div>[vc_column_text]<span style=\"font-weight: 400;\">Chouette ! est la boutique de cr\u00e9ateurs \u00e0 Rennes cr\u00e9\u00e9e par Amandine Bernard en 2015. Fille de commer\u00e7ants, elle est n\u00e9e avec le go\u00fbt du contact. La d\u00e9fense de l\u2019artisanat et du commerce de proximit\u00e9 est dans son ADN. L&#8217;esprit d&#8217;entreprise aussi. <\/span><span style=\"font-weight: 400;\">Au-del\u00e0 de sa formation initiale dans l\u2019\u00e9ducation, Amandine a d&#8217;abord cr\u00e9\u00e9 des bijoux fantaisie et des tricots pour alimenter son \u00e9tal sur les march\u00e9s d\u2019Ille-et-vilaine. Au d\u00e9part, cette activit\u00e9 a financ\u00e9 ses \u00e9tudes. Ensuite, la joie d\u2019\u00e9changer avec les clientes et le bonheur de cr\u00e9er des bijoux fantaisie sur-mesure a pris le dessus. Le fait-main lui apporte une r\u00e9elle satisfaction et e<\/span><span style=\"font-weight: 400;\">lle cr\u00e9e la marque \u201cPois Plum\u201d pour ses bijoux artisanaux puis \u201cMousse\u201d pour les tricots. <\/span><\/p>\n<p><span style=\"font-weight: 400;\">Progressivement, elle est reconnue par les cr\u00e9atrices de bijoux et accessoires de la r\u00e9gion br\u00e9tilienne pour son regard bienveillant et son sourire. Certaines lui proposent de commercialiser leurs collections puis l&#8217;une d&#8217;entre elles lui propose un store dans son magasin. Cette \u00e9tape donne envie \u00e0 Amandine de se r\u00e9aliser en cr\u00e9ant son propre univers.<\/span><span style=\"font-weight: 400;\">\u00a0<\/span><span style=\"font-weight: 400;\">Ainsi est n\u00e9e Chouette !<\/span>[\/vc_column_text][\/vc_column][vc_column width=&#8221;1\/5&#8243;][vc_column_text]<strong>Fabrication de bijoux<\/strong> &#8220;Pois Plum'&#8221; \u00e0 partir d&#8217;acier inoxydable pour les appr\u00eats (fermoirs, attaches de boucles, anneaux&#8230;) et perles en r\u00e9sine (ac\u00e9tate) pour la r\u00e9sistance, la l\u00e9g\u00e8ret\u00e9 et les couleurs vives[\/vc_column_text][vc_single_image image=&#8221;13607&#8243; add_caption=&#8221;yes&#8221; alignment=&#8221;center&#8221; style=&#8221;vc_box_border&#8221; border_color=&#8221;orange&#8221;][\/vc_column][\/vc_row][vc_row equal_height=&#8221;yes&#8221;][vc_column width=&#8221;1\/5&#8243;]<div class=\"owl-carousel row-carousel arrow-style-1 \" data-items=\"1\" data-loop=\"false\" data-margin=\"10\" data-center=\"true\" data-stage-padding=\"0\" data-start-position=\"0\" data-dots=\"true\" data-touch-drag=\"true\" data-mouse-drag=\"true\" data-autoplay-hover-pause=\"true\" data-nav=\"true\" data-autoplay-timeout=\"5000\" data-autoplay=\"true\" data-animate-in=\"false\" data-animate-out=\"false\"><div><a class=\"prettyphoto\" href=\"https:\/\/www.boutiquechouette.fr\/wp-content\/uploads\/2023\/08\/Reparation-de-bijoux_3-150x150.jpg\" data-rel=\"prettyPhoto[rel-36-1937813650]\"><img loading=\"lazy\" decoding=\"async\" width=\"200\" height=\"300\" src=\"https:\/\/www.boutiquechouette.fr\/wp-content\/uploads\/2023\/08\/Reparation-de-bijoux_3-200x300.jpg\" class=\"attachment-medium\" alt=\"\" title=\"R\u00e9paration de bijoux_3\" srcset=\"https:\/\/www.boutiquechouette.fr\/wp-content\/uploads\/2023\/08\/Reparation-de-bijoux_3-200x300.jpg 200w, https:\/\/www.boutiquechouette.fr\/wp-content\/uploads\/2023\/08\/Reparation-de-bijoux_3-681x1024.jpg 681w, https:\/\/www.boutiquechouette.fr\/wp-content\/uploads\/2023\/08\/Reparation-de-bijoux_3-768x1154.jpg 768w, https:\/\/www.boutiquechouette.fr\/wp-content\/uploads\/2023\/08\/Reparation-de-bijoux_3-1022x1536.jpg 1022w, https:\/\/www.boutiquechouette.fr\/wp-content\/uploads\/2023\/08\/Reparation-de-bijoux_3-1363x2048.jpg 1363w, https:\/\/www.boutiquechouette.fr\/wp-content\/uploads\/2023\/08\/Reparation-de-bijoux_3-scaled.jpg 1703w\" sizes=\"(max-width: 200px) 100vw, 200px\" \/><\/a><\/div><div><a class=\"prettyphoto\" href=\"https:\/\/www.boutiquechouette.fr\/wp-content\/uploads\/2023\/08\/Reparation-de-bijoux_2-150x150.jpg\" data-rel=\"prettyPhoto[rel-36-1937813650]\"><img loading=\"lazy\" decoding=\"async\" width=\"200\" height=\"300\" src=\"https:\/\/www.boutiquechouette.fr\/wp-content\/uploads\/2023\/08\/Reparation-de-bijoux_2-200x300.jpg\" class=\"attachment-medium\" alt=\"\" title=\"R\u00e9paration de bijoux_2\" srcset=\"https:\/\/www.boutiquechouette.fr\/wp-content\/uploads\/2023\/08\/Reparation-de-bijoux_2-200x300.jpg 200w, https:\/\/www.boutiquechouette.fr\/wp-content\/uploads\/2023\/08\/Reparation-de-bijoux_2-681x1024.jpg 681w, https:\/\/www.boutiquechouette.fr\/wp-content\/uploads\/2023\/08\/Reparation-de-bijoux_2-768x1154.jpg 768w, https:\/\/www.boutiquechouette.fr\/wp-content\/uploads\/2023\/08\/Reparation-de-bijoux_2-1022x1536.jpg 1022w, https:\/\/www.boutiquechouette.fr\/wp-content\/uploads\/2023\/08\/Reparation-de-bijoux_2-1363x2048.jpg 1363w, https:\/\/www.boutiquechouette.fr\/wp-content\/uploads\/2023\/08\/Reparation-de-bijoux_2-scaled.jpg 1703w\" sizes=\"(max-width: 200px) 100vw, 200px\" \/><\/a><\/div><div><a class=\"prettyphoto\" href=\"https:\/\/www.boutiquechouette.fr\/wp-content\/uploads\/2023\/08\/Reparation-de-bijoux_1-150x150.jpg\" data-rel=\"prettyPhoto[rel-36-1937813650]\"><img loading=\"lazy\" decoding=\"async\" width=\"200\" height=\"300\" src=\"https:\/\/www.boutiquechouette.fr\/wp-content\/uploads\/2023\/08\/Reparation-de-bijoux_1-200x300.jpg\" class=\"attachment-medium\" alt=\"Cr\u00e9ation et r\u00e9paration de bijoux fantaisie\" title=\"R\u00e9paration de bijoux_1\" srcset=\"https:\/\/www.boutiquechouette.fr\/wp-content\/uploads\/2023\/08\/Reparation-de-bijoux_1-200x300.jpg 200w, https:\/\/www.boutiquechouette.fr\/wp-content\/uploads\/2023\/08\/Reparation-de-bijoux_1-681x1024.jpg 681w, https:\/\/www.boutiquechouette.fr\/wp-content\/uploads\/2023\/08\/Reparation-de-bijoux_1-768x1154.jpg 768w, https:\/\/www.boutiquechouette.fr\/wp-content\/uploads\/2023\/08\/Reparation-de-bijoux_1-1022x1536.jpg 1022w, https:\/\/www.boutiquechouette.fr\/wp-content\/uploads\/2023\/08\/Reparation-de-bijoux_1-1363x2048.jpg 1363w, https:\/\/www.boutiquechouette.fr\/wp-content\/uploads\/2023\/08\/Reparation-de-bijoux_1-scaled.jpg 1703w\" sizes=\"(max-width: 200px) 100vw, 200px\" \/><\/a><\/div><\/div>[vc_column_text]<strong>R\u00e9paration de bijoux<\/strong> (toutes marques). Conserver vos bijoux fantaisies pr\u00e9f\u00e9r\u00e9s en les faisant r\u00e9parer ! Boucles d&#8217;oreilles pendantes ou cr\u00e9oles, collier ou pendentif, ras du cou ou sautoir&#8230; Nos breloques sont notre plus belle parure qu&#8217;elle soit ethnique, boh\u00e8me ou glamour ![\/vc_column_text][\/vc_column][vc_column width=&#8221;4\/5&#8243;][vc_column_text]<\/p>\n<h3><span style=\"color: #f7d629;\">Pourquoi venir chez Chouette ?<\/span><\/h3>\n<p>Au d\u00e9tour d\u2019une ballade dans le centre ancien de Rennes, fais une pause dans un univers p\u00e9tillant, color\u00e9 et plein de vie. Chouette ! r\u00e9f\u00e9rence aujourd\u2019hui des dizaines de cr\u00e9ateurs locaux, principalement rennais et tous sont fran\u00e7ais. Ainsi, tu peux y d\u00e9couvrir des <a href=\"https:\/\/www.boutiquechouette.fr\/les-createurs\/\">cr\u00e9ations originales de bijoux fantaisie<\/a> (bagues, boucles d\u2019oreille, bracelets, colliers, sautoirs, pendentifs\u2026). En plus de la bijouterie, la boutique de cr\u00e9ateurs pr\u00e9sente \u00e9galement des accessoires de mode, des v\u00eatements pour les femmes et des articles de d\u00e9coration (comme des luminaires)\u2026<\/p>\n<p>Toutes ces cr\u00e9ations artisanales sont fabriqu\u00e9es \u00e0 la main et en petites s\u00e9ries ou en pi\u00e8ces uniques par des artisans au savoir-faire ma\u00eetris\u00e9. Le respect d\u2019une d\u00e9marche \u00e9coresponsable est \u00e9galement un crit\u00e8re essentiel pour un partenariat avec Chouette !<\/p>\n<p>L\u2019offre \u00e9volue au fil des envies et des saisons aussi chaque mois apporte son lot de cr\u00e9ations, une nouvelle collection, pour te permettre de d\u00e9couvrir de nouvelles p\u00e9pites en vitrine. Au gr\u00e8 des derni\u00e8res tendances, les collections de bijoux et la confection de v\u00eatements (avec le r\u00e9emploi de mati\u00e8res comme des dessus de lits ou des rideaux) \u00e9voluent. Cependant, tu trouveras toujours de quoi mettre en valeur tes formes, sublimer ta personnalit\u00e9 et t&#8217;offrir un grain de fantaisie !<\/p>\n<p>Le plus grand plaisir d\u2019Amandine est de t&#8217;accueillir dans sa boutique et te conseiller, si tu le souhaites. Pour essayer de nouveaux styles en toute intimit\u00e9, les cabines sont situ\u00e9es \u00e0 l&#8217;arri\u00e8re de la boutique. Cr\u00e9atrice de bijoux, Amandine peut \u00e9galement t&#8217;accompagner pour trouver un cadeau personnalis\u00e9. Fabriquer la paire de boucles d\u2019oreilles id\u00e9ales ou trouver le coup de coeur pour une id\u00e9e cadeau originale. Parmi les cr\u00e9ations, il y en a pour tous les go\u00fbts, tous les styles et tous les budgets.<\/p>\n<p>Alors offre-toi une bulle d\u2019oxyg\u00e8ne en venant chez Chouette ! La boutique aussi unique que toi ![\/vc_column_text][\/vc_column][\/vc_row][vc_row equal_height=&#8221;yes&#8221;][vc_column width=&#8221;1\/5&#8243;]<div class=\"theme-wrap\">\r\n\t\t\t\t\t\t<a href=\"https:\/\/www.boutiquechouette.com\/carte-cadeau\"  target=\"_blank\">\r\n\t\t\t\t\t\t\t<div class=\"theme-img\"><img src='https:\/\/www.boutiquechouette.fr\/wp-content\/uploads\/2023\/08\/CarteCadeau_Visuel-e1693212525814.png' alt=''><span class=\"new-batch\">30\u20ac, 50\u20ac, 80\u20ac, 100\u20ac, 150\u20ac...<\/span>\r\n\t\t\t\t\t\t\t<\/div>\r\n\t\t\t\t\t\t<\/a>\r\n\t\t\t\t\t\t<a href=\"https:\/\/www.boutiquechouette.com\/carte-cadeau\"  target=\"_blank\">\r\n\t\t\t\t\t\t\t<h3 class=\"theme-title\">Carte cadeau<\/h3>\r\n\t\t\t\t\t\t\t<p class=\"theme-desc\">Clic sur l'image pour acheter une carteau cadeau en ligne<\/p>\r\n\t\t\t\t\t\t<\/a>\r\n\t\t\t<\/div>[\/vc_column][vc_column width=&#8221;4\/5&#8243;][vc_column_text]<\/p>\n<h3><span style=\"color: #f7d629;\">Quels services \u00e0 la boutique de cr\u00e9ateurs ?<\/span><\/h3>\n<p>Toujours \u00e0 l\u2019\u00e9coute de ses clientes, Amandine propose r\u00e9guli\u00e8rement des nouveaut\u00e9s. Les liens de partenariats avec les cr\u00e9atrices, li\u00e9s de longue date pour certaines, permettent d\u2019adapter les articles voir de les d\u00e9velopper. C\u2019est ainsi qu\u2019elle a commenc\u00e9 \u00e0 travailler sur des <strong>v\u00eatements grande taille<\/strong>\u00a0afin d\u2019offrir \u00e0 toutes les femmes la possibilit\u00e9 de s\u2019habiller avec une touche de fantaisie, de f\u00e9minit\u00e9 et dans un budget raisonnable.<\/p>\n<p>Et parce qu\u2019il n\u2019y a que des solutions, Amandine\u00a0<strong>r\u00e9pare vos bijoux<\/strong> (m\u00eame d\u2019autres marques) ou propose la\u00a0<strong>cr\u00e9ation de bijoux fantaisie sur-mesure<\/strong> en fonction d\u2019une tenue par exemple. Envie de strass, de pompons, de cha\u00eene en laiton ou d&#8217;une jolie broche ? Offre-toi des bijoux originaux !<\/p>\n<p>Le renouvellement permanent des produits de cr\u00e9ateurs \u00e0 la boutique de Rennes s\u2019accompagne de ventes sur la <a href=\"http:\/\/boutiquechouette.com\/\"><strong>boutique en ligne<\/strong><\/a>. Tu peux ainsi te faire plaisir \u00e0 moindre co\u00fbt et faire d\u00e9couvrir notre univers de bijoux de cr\u00e9ateurs \u00e0 tes copines, qui n\u2019ont pas la chance d\u2019\u00eatre sur Rennes \ud83d\ude09<\/p>\n<p>Enfin, pour faire un cadeau group\u00e9 ou simplement ne pas se tromper, Chouette ! propose des <strong>cartes cadeaux valables \u00e0 la boutique<\/strong> pendant 1 an, dont le montant est \u00e0 d\u00e9finir selon ton budget.[\/vc_column_text][\/vc_column][vc_column][vc_column_text]<\/p>\n<blockquote>\n<p style=\"text-align: center;\"><span style=\"font-size: 24px;\"><i>\u00ab Chez Chouette ! On trouve un accueil chaleureux, de la bonne humeur, des conseils bienveillants, des pi\u00e8ces uniques ou fabriqu\u00e9es en petites s\u00e9ries avec plaisir par des artisans locaux. \u00bb<\/i><\/span><\/p>\n<\/blockquote>\n<p>[\/vc_column_text][\/vc_column][\/vc_row][vc_row][vc_column width=&#8221;1\/4&#8243;][\/vc_column][vc_column width=&#8221;1\/4&#8243;]<div class=\"pix_button button-center\"><a href=\"http:\/\/boutiquechouette.fr\/notre-histoire\/\"  class=\"clear btn  btn-outline btn-hover-outline btn-oval  btn-sm custom_color btn-hover-color pix-animate-cre btn-custom\" data-trans=\"swing\" data-duration=\"\" data-delay=\"\"style=\"font-size:30px;padding: ;background-color:#f1c531;color: #ffffff;border-color: #ffffff;\">NOTRE HISTOIRE<\/a><\/div>[\/vc_column][vc_column width=&#8221;1\/4&#8243;]<div class=\"pix_button button-center\"><a href=\"http:\/\/boutiquechouette.fr\/les-questions\/\"  class=\"clear btn  btn-outline btn-hover-outline btn-oval  btn-sm custom_color btn-hover-color pix-animate-cre btn-custom\" data-trans=\"swing\" data-duration=\"\" data-delay=\"\"style=\"font-size:30px;padding: ;background-color:#f4adae;color: #ffffff;border-color: #ffffff;\">LES QUESTIONS<\/a><\/div>[\/vc_column][vc_column width=&#8221;1\/4&#8243;][\/vc_column][\/vc_row][vc_row content_placement=&#8221;middle&#8221;][vc_column width=&#8221;1\/3&#8243;]<div class=\"pix_button button-center\"><a href=\"http:\/\/boutiquechouette.fr\/nos-partenaires\/\"  class=\"clear btn  btn-outline btn-hover-outline btn-oval  btn-sm custom_color btn-hover-color pix-animate-cre btn-custom\" data-trans=\"swing\" data-duration=\"\" data-delay=\"\"style=\"font-size:30px;padding: ;background-color:#dd4d40;color: #ffffff;border-color: #ffffff;\">NOS PARTENAIRES<\/a><\/div>[\/vc_column][vc_column width=&#8221;1\/3&#8243;]<div class=\"pix_button button-center\"><a href=\"http:\/\/boutiquechouette.fr\/contact-chouette-rennes\/\"  class=\"clear btn  btn-outline btn-hover-outline btn-oval  btn-sm custom_color btn-hover-color pix-animate-cre btn-custom\" data-trans=\"swing\" data-duration=\"\" data-delay=\"\"style=\"font-size:30px;padding: ;background-color:#48a7a0;color: #ffffff;border-color: #ffffff;\">CONTACT<\/a><\/div>[\/vc_column][vc_column width=&#8221;1\/3&#8243;]<div class=\"pix_button button-center\"><a href=\"http:\/\/boutiquechouette.fr\/presse\/\"  class=\"clear btn  btn-outline btn-hover-outline btn-oval  btn-sm custom_color btn-hover-color pix-animate-cre btn-custom\" data-trans=\"swing\" data-duration=\"\" data-delay=\"\"style=\"font-size:30px;padding: ;background-color:#2f5967;color: #ffffff;border-color: #ffffff;\">ON PARLE DE NOUS !<\/a><\/div>[\/vc_column][\/vc_row]<\/p>\n","protected":false},"excerpt":{"rendered":"<p>[vc_row equal_height=&#8221;yes&#8221;][vc_column width=&#8221;4\/5&#8243;][vc_column_text]Chouette ! est la boutique de cr\u00e9ateurs \u00e0 Rennes cr\u00e9\u00e9e par Amandine Bernard en 2015. Fille de commer\u00e7ants, elle est n\u00e9e avec le go\u00fbt du contact. La d\u00e9fense de l\u2019artisanat et du commerce de proximit\u00e9 est dans son&#8230;<\/p>\n","protected":false},"author":1,"featured_media":0,"parent":0,"menu_order":0,"comment_status":"closed","ping_status":"closed","template":"","meta":{"footnotes":""},"yoast_head":"<!-- This site is optimized with the Yoast SEO plugin v15.9 - https:\/\/yoast.com\/wordpress\/plugins\/seo\/ -->\n<title>Qui est Chouette ? Boutique de cr\u00e9ateurs | Chouette !<\/title>\n<meta name=\"description\" content=\"Qui est Chouette ? Boutique de cr\u00e9ateurs \u00e0 Rennes pour proposer des bijoux fantaisie, des v\u00eatements femme, des accessoires et de la d\u00e9coration\" \/>\n<meta name=\"robots\" content=\"index, follow, max-snippet:-1, max-image-preview:large, max-video-preview:-1\" \/>\n<link rel=\"canonical\" href=\"https:\/\/www.boutiquechouette.fr\/?page_id=36\" \/>\n<meta property=\"og:locale\" content=\"fr_FR\" \/>\n<meta property=\"og:type\" content=\"article\" \/>\n<meta property=\"og:title\" content=\"Qui est Chouette ? Boutique de cr\u00e9ateurs | Chouette !\" \/>\n<meta property=\"og:description\" content=\"Qui est Chouette ? Boutique de cr\u00e9ateurs \u00e0 Rennes pour proposer des bijoux fantaisie, des v\u00eatements femme, des accessoires et de la d\u00e9coration\" \/>\n<meta property=\"og:url\" content=\"https:\/\/www.boutiquechouette.fr\/?page_id=36\" \/>\n<meta property=\"og:site_name\" content=\"Chouette !\" \/>\n<meta property=\"article:publisher\" content=\"http:\/\/www.facebook.com\/boutiquechouette\" \/>\n<meta property=\"article:modified_time\" content=\"2023-09-11T13:50:09+00:00\" \/>\n<meta name=\"twitter:card\" content=\"summary_large_image\" \/>\n<meta name=\"twitter:label1\" content=\"Dur\u00e9e de lecture est.\">\n\t<meta name=\"twitter:data1\" content=\"4 minutes\">\n<script type=\"application\/ld+json\" class=\"yoast-schema-graph\">{\"@context\":\"https:\/\/schema.org\",\"@graph\":[{\"@type\":\"Organization\",\"@id\":\"https:\/\/www.boutiquechouette.fr\/#organization\",\"name\":\"Chouette !\",\"url\":\"https:\/\/www.boutiquechouette.fr\/\",\"sameAs\":[\"http:\/\/www.facebook.com\/boutiquechouette\",\"https:\/\/www.instagram.com\/boutiquechouette\/\",\"https:\/\/www.pinterest.fr\/boutiquechouette\"],\"logo\":{\"@type\":\"ImageObject\",\"@id\":\"https:\/\/www.boutiquechouette.fr\/#logo\",\"inLanguage\":\"fr-FR\",\"url\":\"https:\/\/www.boutiquechouette.fr\/wp-content\/uploads\/2023\/07\/cropped-Logo_Titre_PNG.png\",\"width\":512,\"height\":512,\"caption\":\"Chouette !\"},\"image\":{\"@id\":\"https:\/\/www.boutiquechouette.fr\/#logo\"}},{\"@type\":\"WebSite\",\"@id\":\"https:\/\/www.boutiquechouette.fr\/#website\",\"url\":\"https:\/\/www.boutiquechouette.fr\/\",\"name\":\"Chouette !\",\"description\":\"Boutique de cr\\u00e9ateurs \\u00e0 Rennes\",\"publisher\":{\"@id\":\"https:\/\/www.boutiquechouette.fr\/#organization\"},\"potentialAction\":[{\"@type\":\"SearchAction\",\"target\":\"https:\/\/www.boutiquechouette.fr\/?s={search_term_string}\",\"query-input\":\"required name=search_term_string\"}],\"inLanguage\":\"fr-FR\"},{\"@type\":[\"WebPage\",\"AboutPage\"],\"@id\":\"https:\/\/www.boutiquechouette.fr\/?page_id=36#webpage\",\"url\":\"https:\/\/www.boutiquechouette.fr\/?page_id=36\",\"name\":\"Qui est Chouette ? Boutique de cr\\u00e9ateurs | Chouette !\",\"isPartOf\":{\"@id\":\"https:\/\/www.boutiquechouette.fr\/#website\"},\"datePublished\":\"2018-02-03T10:58:14+00:00\",\"dateModified\":\"2023-09-11T13:50:09+00:00\",\"description\":\"Qui est Chouette ? Boutique de cr\\u00e9ateurs \\u00e0 Rennes pour proposer des bijoux fantaisie, des v\\u00eatements femme, des accessoires et de la d\\u00e9coration\",\"breadcrumb\":{\"@id\":\"https:\/\/www.boutiquechouette.fr\/?page_id=36#breadcrumb\"},\"inLanguage\":\"fr-FR\",\"potentialAction\":[{\"@type\":\"ReadAction\",\"target\":[\"https:\/\/www.boutiquechouette.fr\/?page_id=36\"]}]},{\"@type\":\"BreadcrumbList\",\"@id\":\"https:\/\/www.boutiquechouette.fr\/?page_id=36#breadcrumb\",\"itemListElement\":[{\"@type\":\"ListItem\",\"position\":1,\"item\":{\"@type\":\"WebPage\",\"@id\":\"https:\/\/www.boutiquechouette.fr\/\",\"url\":\"https:\/\/www.boutiquechouette.fr\/\",\"name\":\"Accueil\"}},{\"@type\":\"ListItem\",\"position\":2,\"item\":{\"@type\":\"WebPage\",\"@id\":\"https:\/\/www.boutiquechouette.fr\/?page_id=36\",\"url\":\"https:\/\/www.boutiquechouette.fr\/?page_id=36\",\"name\":\"Qui est Chouette ?\"}}]}]}<\/script>\n<!-- \/ Yoast SEO plugin. -->","_links":{"self":[{"href":"https:\/\/www.boutiquechouette.fr\/index.php?rest_route=\/wp\/v2\/pages\/36"}],"collection":[{"href":"https:\/\/www.boutiquechouette.fr\/index.php?rest_route=\/wp\/v2\/pages"}],"about":[{"href":"https:\/\/www.boutiquechouette.fr\/index.php?rest_route=\/wp\/v2\/types\/page"}],"author":[{"embeddable":true,"href":"https:\/\/www.boutiquechouette.fr\/index.php?rest_route=\/wp\/v2\/users\/1"}],"replies":[{"embeddable":true,"href":"https:\/\/www.boutiquechouette.fr\/index.php?rest_route=%2Fwp%2Fv2%2Fcomments&post=36"}],"version-history":[{"count":7,"href":"https:\/\/www.boutiquechouette.fr\/index.php?rest_route=\/wp\/v2\/pages\/36\/revisions"}],"predecessor-version":[{"id":13721,"href":"https:\/\/www.boutiquechouette.fr\/index.php?rest_route=\/wp\/v2\/pages\/36\/revisions\/13721"}],"wp:attachment":[{"href":"https:\/\/www.boutiquechouette.fr\/index.php?rest_route=%2Fwp%2Fv2%2Fmedia&parent=36"}],"curies":[{"name":"wp","href":"https:\/\/api.w.org\/{rel}","templated":true}]}}